{"id":774,"date":"2003-01-01T21:31:24","date_gmt":"2003-01-01T21:31:24","guid":{"rendered":"http:\/\/dlozano.tk\/diassere\/?page_id=774"},"modified":"2019-10-22T04:24:39","modified_gmt":"2019-10-22T04:24:39","slug":"salud-mental-y-violencia-estructural-en-varones-de-sectores-urbanos-pobres","status":"publish","type":"page","link":"http:\/\/diassere.org.pe\/index.php\/salud-mental-y-violencia-estructural-en-varones-de-sectores-urbanos-pobres\/","title":{"rendered":"Salud mental y violencia estructural en varones de sectores urbanos pobres"},"content":{"rendered":"\n<table style=\"border: 0px;\" width=\"100%\">\n<tbody>\n<tr>\n<td style=\"border: 0px; text-align:left;\">\n<p><img loading=\"lazy\" class=\"wp-image-409 size-medium alignleft\" src=\"\/wp-content\/uploads\/2019\/07\/Salud-mental-y-violencia-estructural-en-varones-01.png\" alt=\"\" width=\"300\" height=\"377\"><\/p>\n<p style=\"margin:2%\">Ramos Padilla, Miguel <br>En: C\u00e1ceres C, Cueto M, Ramos M, Vallenas S. (coords.). La salud como derecho ciudadano. Perspectivas y propuestas desde Am\u00e9rica Latina. Lima: UPCH. P\u00e1ginas: 309-318.<\/p>\n<p><a href=\"\/wp-content\/uploads\/2019\/06\/Salud-mental-y-violencia-estructural-en-varones.pdf\" target=\"_blank\" rel=\"noopener noreferrer\"><img loading=\"lazy\" src=\"\/wp-content\/uploads\/2019\/06\/833px-PDF_file_icon.svg_.png\" alt=\"\" width=\"50\" height=\"100\"> <span style=\"vertical-align:bottom\"> Ver pdf completo<\/span><\/a><\/p>\n<h4 style=\"margin: 3%\">Resumen:<\/h4>\n<p style=\"margin:2%\">Este trabajo incluye una reflexi\u00f3n sobre la manera en que la pobreza y los problemas de empleo -como expresiones de la violencia estructural- repercuten en la salud mental de los varones adultos que viven en diversos sectores urbano populares del Per\u00fa. Discutiremos tambi\u00e9n c\u00f3mo, en el contexto de condiciones precarias de vida, los problemas de salud mental interact\u00faan con otras dimensiones de la salud entre las que destaca la salud sexual, teniendo como trasfondo de las diversas interacciones la manera en que se ha construido culturalmente al g\u00e9nero masculino en nuestra sociedad. Presentaremos testimonios de los propios varones de sectores populares de tres ciudades del Per\u00fa sobre el modo en que viven el rol socialmente asignado de proveedores, en condiciones de desempleo y subempleo generalizado, y las consecuencias que perciben en su salud mental y en su desempe\u00f1o en todos los dem\u00e1s espacios en los que desarrollan su vida.<\/p>\n<\/td>\n<\/tr>\n<\/tbody>\n<\/table>\n<div class=\"sfsi_widget sfsi_shortcode_container\"><div id=\"sfsi_wDiv\"><\/div><div class=\"norm_row sfsi_wDiv \"  style=\"width:225px;text-align:left;\"><div style='width:40px; height:40px;margin-left:5px;margin-bottom:30px; ' class='sfsi_wicons shuffeldiv ' ><div class='inerCnt'><a class=' sficn' data-effect='scale' target='_blank'  href='https:\/\/www.facebook.com\/temassaludsyr\/' id='sfsiid_facebook' style='opacity:1'  ><img data-pin-nopin='true' alt='Facebook' title='Facebook' src='http:\/\/diassere.org.pe\/wp-content\/plugins\/ultimate-social-media-icons\/images\/icons_theme\/default\/default_facebook.png' width='40' height='40' style='' class='sfcm sfsi_wicon ' data-effect='scale'   \/><\/a><div class=\"sfsi_tool_tip_2 fb_tool_bdr sfsiTlleft\" style=\"width:62px ;opacity:0;z-index:-1;margin-left:-47.5px;\" id=\"sfsiid_facebook\"><span class=\"bot_arow bot_fb_arow\"><\/span><div class=\"sfsi_inside\"><div  class='icon1'><a href='https:\/\/www.facebook.com\/temassaludsyr\/' target='_blank'><img data-pin-nopin='true' class='sfsi_wicon' alt='Facebook' title='Facebook' src='http:\/\/diassere.org.pe\/wp-content\/plugins\/ultimate-social-media-icons\/images\/visit_icons\/facebook.png'  \/><\/a><\/div><div  class='icon2'><div class=\"fb-like\" data-href=\"http:\/\/diassere.org.pe\/wp-json\/wp\/v2\/pages\/774\" data-layout=\"button\" data-action=\"like\" data-show-faces=\"false\" data-share=\"true\"><\/div><\/div><div  class='icon3'><a target='_blank' href='https:\/\/www.facebook.com\/sharer\/sharer.php?u=http%3A%2F%2Fdiassere.org.pe%2Fwp-json%2Fwp%2Fv2%2Fpages%2F774' style='display:inline-block;'  > <img class='sfsi_wicon'  data-pin-nopin='true' width='auto' height='auto' alt='fb-share-icon' title='Facebook Share' src='http:\/\/diassere.org.pe\/wp-content\/plugins\/ultimate-social-media-icons\/images\/visit_icons\/fbshare_bck.png'  \/><\/a><\/div><\/div><\/div><\/div><\/div><\/div ><div id=\"sfsi_holder\" class=\"sfsi_holders\" style=\"position: relative; float: left;width:100%;z-index:-1;\"><\/div ><script>window.addEventListener(\"sfsi_functions_loaded\", function() \n\t\t\t{\n\t\t\t\tif (typeof sfsi_widget_set == \"function\") {\n\t\t\t\t\tsfsi_widget_set();\n\t\t\t\t}\n\t\t\t}); window.addEventListener(\"sfsi_functions_loaded\",function(){var s = jQuery(\".sfsi_widget\");\n\t\t\t\t\tvar pos = s.position();            \n\t\t\t\t\tjQuery(window).scroll(function(){      \n\t\t\t\t\tsfsi_stick_widget(\"0\");\n\t\t }); }); <\/script><div style=\"clear: both;\"><\/div><\/div>\n","protected":false},"excerpt":{"rendered":"<p>Ramos Padilla, Miguel En: C\u00e1ceres C, Cueto M, Ramos M, Vallenas S. (coords.). La salud como derecho ciudadano. Perspectivas y propuestas desde Am\u00e9rica Latina. Lima: UPCH. P\u00e1ginas: 309-318. Ver pdf completo Resumen: Este trabajo incluye una reflexi\u00f3n sobre la manera&#8230;<\/p>\n","protected":false},"author":1,"featured_media":754,"parent":0,"menu_order":0,"comment_status":"closed","ping_status":"closed","template":"","meta":{"om_disable_all_campaigns":false},"_links":{"self":[{"href":"http:\/\/diassere.org.pe\/index.php\/wp-json\/wp\/v2\/pages\/774"}],"collection":[{"href":"http:\/\/diassere.org.pe\/index.php\/wp-json\/wp\/v2\/pages"}],"about":[{"href":"http:\/\/diassere.org.pe\/index.php\/wp-json\/wp\/v2\/types\/page"}],"author":[{"embeddable":true,"href":"http:\/\/diassere.org.pe\/index.php\/wp-json\/wp\/v2\/users\/1"}],"replies":[{"embeddable":true,"href":"http:\/\/diassere.org.pe\/index.php\/wp-json\/wp\/v2\/comments?post=774"}],"version-history":[{"count":3,"href":"http:\/\/diassere.org.pe\/index.php\/wp-json\/wp\/v2\/pages\/774\/revisions"}],"predecessor-version":[{"id":896,"href":"http:\/\/diassere.org.pe\/index.php\/wp-json\/wp\/v2\/pages\/774\/revisions\/896"}],"wp:featuredmedia":[{"embeddable":true,"href":"http:\/\/diassere.org.pe\/index.php\/wp-json\/wp\/v2\/media\/754"}],"wp:attachment":[{"href":"http:\/\/diassere.org.pe\/index.php\/wp-json\/wp\/v2\/media?parent=774"}],"curies":[{"name":"wp","href":"https:\/\/api.w.org\/{rel}","templated":true}]}}

<table style="border: 0px;" width="100%">
<tbody>
<tr>
<td style="border: 0px; text-align:left;">
<p><img loading="lazy" class="wp-image-409 size-medium alignleft" src="/wp-content/uploads/2019/07/Salud-mental-y-violencia-estructural-en-varones-01.png" alt="" width="300" height="377"></p>
<p style="margin:2%">Ramos Padilla, Miguel <br>En: Cáceres C, Cueto M, Ramos M, Vallenas S. (coords.). La salud como derecho ciudadano. Perspectivas y propuestas desde América Latina. Lima: UPCH. Páginas: 309-318.</p>
<p><a href="/wp-content/uploads/2019/06/Salud-mental-y-violencia-estructural-en-varones.pdf" target="_blank" rel="noopener noreferrer"><img loading="lazy" src="/wp-content/uploads/2019/06/833px-PDF_file_icon.svg_.png" alt="" width="50" height="100"> <span style="vertical-align:bottom"> Ver pdf completo</span></a></p>
<h4 style="margin: 3%">Resumen:</h4>
<p style="margin:2%">Este trabajo incluye una reflexión sobre la manera en que la pobreza y los problemas de empleo -como expresiones de la violencia estructural- repercuten en la salud mental de los varones adultos que viven en diversos sectores urbano populares del Perú. Discutiremos también cómo, en el contexto de condiciones precarias de vida, los problemas de salud mental interactúan con otras dimensiones de la salud entre las que destaca la salud sexual, teniendo como trasfondo de las diversas interacciones la manera en que se ha construido culturalmente al género masculino en nuestra sociedad. Presentaremos testimonios de los propios varones de sectores populares de tres ciudades del Perú sobre el modo en que viven el rol socialmente asignado de proveedores, en condiciones de desempleo y subempleo generalizado, y las consecuencias que perciben en su salud mental y en su desempeño en todos los demás espacios en los que desarrollan su vida.</p>
</td>
</tr>
</tbody>
</table>
<div class="sfsi_widget sfsi_shortcode_container"><div id="sfsi_wDiv"></div><div class="norm_row sfsi_wDiv "  style="width:225px;text-align:left;"><div style='width:40px; height:40px;margin-left:5px;margin-bottom:30px; ' class='sfsi_wicons shuffeldiv ' ><div class='inerCnt'><a class=' sficn' data-effect='scale' target='_blank'  href='https://www.facebook.com/temassaludsyr/' id='sfsiid_facebook' style='opacity:1'  ><img data-pin-nopin='true' alt='Facebook' title='Facebook' src='http://diassere.org.pe/wp-content/plugins/ultimate-social-media-icons/images/icons_theme/default/default_facebook.png' width='40' height='40' style='' class='sfcm sfsi_wicon ' data-effect='scale'   /></a><div class="sfsi_tool_tip_2 fb_tool_bdr sfsiTlleft" style="width:62px ;opacity:0;z-index:-1;margin-left:-47.5px;" id="sfsiid_facebook"><span class="bot_arow bot_fb_arow"></span><div class="sfsi_inside"><div  class='icon1'><a href='https://www.facebook.com/temassaludsyr/' target='_blank'><img data-pin-nopin='true' class='sfsi_wicon' alt='Facebook' title='Facebook' src='http://diassere.org.pe/wp-content/plugins/ultimate-social-media-icons/images/visit_icons/facebook.png'  /></a></div><div  class='icon2'><div class="fb-like" data-href="http://diassere.org.pe/wp-json/wp/v2/pages/774" data-layout="button" data-action="like" data-show-faces="false" data-share="true"></div></div><div  class='icon3'><a target='_blank' href='https://www.facebook.com/sharer/sharer.php?u=http%3A%2F%2Fdiassere.org.pe%2Fwp-json%2Fwp%2Fv2%2Fpages%2F774' style='display:inline-block;'  > <img class='sfsi_wicon'  data-pin-nopin='true' width='auto' height='auto' alt='fb-share-icon' title='Facebook Share' src='http://diassere.org.pe/wp-content/plugins/ultimate-social-media-icons/images/visit_icons/fbshare_bck.png'  /></a></div></div></div></div></div></div ><div id="sfsi_holder" class="sfsi_holders" style="position: relative; float: left;width:100%;z-index:-1;"></div ><script>window.addEventListener("sfsi_functions_loaded", function() 
			{
				if (typeof sfsi_widget_set == "function") {
					sfsi_widget_set();
				}
			}); window.addEventListener("sfsi_functions_loaded",function(){var s = jQuery(".sfsi_widget");
					var pos = s.position();            
					jQuery(window).scroll(function(){      
					sfsi_stick_widget("0");
		 }); }); </script><div style="clear: both;"></div></div>

<p>Ramos Padilla, Miguel En: Cáceres C, Cueto M, Ramos M, Vallenas S. (coords.). La salud como derecho ciudadano. Perspectivas y propuestas desde América Latina. Lima: UPCH. Páginas: 309-318. Ver pdf completo Resumen: Este trabajo incluye una reflexión sobre la manera&#8230;</p>
