{"id":207,"date":"2019-04-13T22:27:45","date_gmt":"2019-04-13T22:27:45","guid":{"rendered":"http:\/\/dlozano.tk\/diassere\/?page_id=207"},"modified":"2019-12-11T03:38:05","modified_gmt":"2019-12-11T03:38:05","slug":"quienes-somos","status":"publish","type":"page","link":"https:\/\/diassere.org.pe\/index.php\/quienes-somos\/","title":{"rendered":"\u00bfQui\u00e9nes somos?"},"content":{"rendered":"\n<p>DIASSERE, Derechos, Investigaci\u00f3n y Abogac\u00eda en Salud, Sexualidad y Reproducci\u00f3n es el portal de la Unidad de Sexualidad y Salud Reproductiva, de la Facultad de Salud P\u00fablica y Administraci\u00f3n de la Universidad Peruana Cayetano Heredia. Ha sido creado para apoyar el trabajo de investigadores, investigadoras y activistas por los derechos sexuales y reproductivos&nbsp; y por una vida libre de violencia de g\u00e9nero.<\/p>\n\n\n\n<p><strong>EQUIPO DE LA UNIDAD&nbsp;<\/strong><\/p>\n\n\n\n<table style=\"border: 0px;\" width=\"100%\">\n<tbody>\n<tr>\n<td style=\"border: 0px; text-align:left; width:110px;\">\n<p><img loading=\"lazy\" src=\"\/wp-content\/uploads\/2019\/09\/Miguel.png\" alt=\"\" width=\"100\" height=\"140\"><\/p>\n<\/td>\n<td style=\"border: 0px; text-align:left;\">\n<p><strong>Miguel Ramos Padilla<\/strong><br>Coordinador de la Unidad de Sexualidad y Salud Reproductiva<br><a href=\"mailto:miguel.ramos@upch.pe\">miguel.ramos@upch.pe<\/a><br> <a rel=\"noopener noreferrer\" href=\"\/wp-content\/uploads\/2019\/06\/MIGUEL_RAMOS.pdf\" target=\"_blank\">Revisar CV<\/a><\/p>\n<\/td>\n<\/tr>\n<tr>\n<td style=\"border: 0px; text-align:left; width:110px;\">\n<p><img loading=\"lazy\" src=\"\/wp-content\/uploads\/2019\/07\/Ruth.png\" alt=\"\" width=\"100\" height=\"140\"><\/p>\n<\/td>\n<td style=\"border: 0px; text-align:left;\">\n<p><strong>Ruth Igu\u00ed\u00f1iz Romero&nbsp;<\/strong><br>Editora de la revista Temas de Salud Sexual y Reproductiva<br><a href=\"mailto:ruth.iguiniz.r@upch.pe\">ruth.iguiniz.r@upch.pe<\/a><br><a rel=\"noopener noreferrer\" href=\"\/wp-content\/uploads\/2019\/11\/Ruth_Iguiniz_CV.pdf\" target=\"_blank\">Revisar CV<\/a><\/p>\n<\/td>\n<\/tr>\n<tr>\n<td style=\"border: 0px; text-align:left; width:110px;\">\n<p><img loading=\"lazy\" src=\"\/wp-content\/uploads\/2019\/08\/miemb2c.png\" alt=\"\" width=\"100\" height=\"140\"><\/p>\n<\/td>\n<td style=\"border: 0px; text-align:left;\">\n<p><strong>Nancy Palomino Ram\u00edrez<\/strong><br>Investigadora de la Unidad de Sexualidad y Salud Reproductiva <br><a href=\"mailto:nancy.palomino@upch.pe\">nancy.palomino@upch.pe<\/a><br><a rel=\"noopener noreferrer\" href=\"\/wp-content\/uploads\/2019\/11\/Nancy_Palomino_CV.pdf\" target=\"_blank\">Revisar CV<\/a><\/p>\n<\/td>\n<\/tr>\n<tr>\n<td style=\"border: 0px; text-align:left; width:110px;\">\n<p><img loading=\"lazy\" src=\"\/wp-content\/uploads\/2019\/07\/miemb1.png\" alt=\"\" width=\"100\" height=\"140\"><\/p>\n<\/td>\n<td style=\"border: 0px; text-align:left;\">\n<p><strong>Mariella Sala Eguren<\/strong><br>Correctora de estilo de la revista Temas de Salud Sexual y Reproductiva<br><a href=\"mailto:mariellasalae@gmail.com\">mariellasalae@gmail.com<\/a><br><a rel=\"noopener noreferrer\" href=\"\/wp-content\/uploads\/2019\/12\/Mariella_Sala_CV.pdf\" target=\"_blank\">Revisar CV<\/a><\/p>\n<\/td>\n<\/tr>\n<\/tbody>\n<\/table>\n","protected":false},"excerpt":{"rendered":"<p>DIASSERE, Derechos, Investigaci\u00f3n y Abogac\u00eda en Salud, Sexualidad y Reproducci\u00f3n es el portal de la Unidad de Sexualidad y Salud Reproductiva, de la Facultad de Salud P\u00fablica y Administraci\u00f3n de la Universidad Peruana Cayetano Heredia. Ha sido creado para apoyar&#8230;<\/p>\n","protected":false},"author":1,"featured_media":0,"parent":0,"menu_order":0,"comment_status":"closed","ping_status":"closed","template":"","meta":{"om_disable_all_campaigns":false},"_links":{"self":[{"href":"https:\/\/diassere.org.pe\/index.php\/wp-json\/wp\/v2\/pages\/207"}],"collection":[{"href":"https:\/\/diassere.org.pe\/index.php\/wp-json\/wp\/v2\/pages"}],"about":[{"href":"https:\/\/diassere.org.pe\/index.php\/wp-json\/wp\/v2\/types\/page"}],"author":[{"embeddable":true,"href":"https:\/\/diassere.org.pe\/index.php\/wp-json\/wp\/v2\/users\/1"}],"replies":[{"embeddable":true,"href":"https:\/\/diassere.org.pe\/index.php\/wp-json\/wp\/v2\/comments?post=207"}],"version-history":[{"count":32,"href":"https:\/\/diassere.org.pe\/index.php\/wp-json\/wp\/v2\/pages\/207\/revisions"}],"predecessor-version":[{"id":1000,"href":"https:\/\/diassere.org.pe\/index.php\/wp-json\/wp\/v2\/pages\/207\/revisions\/1000"}],"wp:attachment":[{"href":"https:\/\/diassere.org.pe\/index.php\/wp-json\/wp\/v2\/media?parent=207"}],"curies":[{"name":"wp","href":"https:\/\/api.w.org\/{rel}","templated":true}]}}