{"id":757,"date":"2009-01-01T20:46:05","date_gmt":"2009-01-01T20:46:05","guid":{"rendered":"http:\/\/dlozano.tk\/diassere\/?page_id=757"},"modified":"2019-10-22T03:57:08","modified_gmt":"2019-10-22T03:57:08","slug":"la-participacion-masculina-en-los-procesos-de-embarazo-parto-y-puerperio-en-comunidades-rurales-peruanas","status":"publish","type":"page","link":"https:\/\/diassere.org.pe\/index.php\/la-participacion-masculina-en-los-procesos-de-embarazo-parto-y-puerperio-en-comunidades-rurales-peruanas\/","title":{"rendered":"La participaci\u00f3n masculina en los procesos de embarazo, parto y puerperio en comunidades rurales peruanas"},"content":{"rendered":"\n<table style=\"border: 0px;\" width=\"100%\">\n<tbody>\n<tr>\n<td style=\"border: 0px; text-align:left;\">\n<p><img loading=\"lazy\" class=\"wp-image-409 size-medium alignleft\" src=\"\/wp-content\/uploads\/2019\/07\/Participaci\u00f3n-masculina-en-el-embarazo-parto-y-puerperio-art-indep-01.png\" alt=\"\" width=\"300\" height=\"377\"><\/p>\n<p style=\"margin:2%\">Ramos Padilla, Miguel <br>En: Rodr\u00edguez Wong, Laura (Org.). Avances y retrocesos en la salud sexual y reproductiva en Am\u00e9rica Latina. R\u00edo de Janeiro: ALAP, UNFPA. P\u00e1ginas: 219-238.<\/p>\n<p><a href=\"\/wp-content\/uploads\/2019\/06\/Participaci\u00f3n-masculina-en-el-embarazo-parto-y-puerperio-art-indep.pdf\" target=\"_blank\" rel=\"noopener noreferrer\"><img loading=\"lazy\" src=\"\/wp-content\/uploads\/2019\/06\/833px-PDF_file_icon.svg_.png\" alt=\"\" width=\"50\" height=\"100\"> <span style=\"vertical-align:bottom\"> Ver pdf completo<\/span><\/a><\/p>\n<h4 style=\"margin: 3%\">Resumen:<\/h4>\n<p style=\"margin:2%\">Se hace una aproximaci\u00f3n descriptiva y exploratoria de los conocimientos, actitudes, pr\u00e1cticas y significados de los varones de zonas rurales sobre los procesos de embarazo, parto y puerperio. La poblaci\u00f3n estudiada fue de 440 hombres entre 18 y 55 a\u00f1os de edad de comunidades rurales peruanas dedicados a actividades agropecuarias. La metodolog\u00eda fue similar a la de grupos focales, recogi\u00e9ndose opiniones, creencias, costumbres, lenguaje y valores socialmente compartidos. Se constata un sentimiento de responsabilidad masculina en los procesos de embarazo, parto y puerperio que deriva, principalmente, de su condici\u00f3n dominante, que otorga al hombre el papel y obligaci\u00f3n de garantizar la vida y salud de las mujeres y donde la falla en producir un hijo es se\u00f1al social de fragilidad masculina. Dadas las precarias condiciones de la poblaci\u00f3n estudiada, el parto, muy frecuentemente, coloca en riesgo la vida de la mujer, siendo tambi\u00e9n, un momento cr\u00edtico y decisivo para el var\u00f3n que coloca en juego su prestigio de protector.<\/p>\n<\/td>\n<\/tr>\n<\/tbody>\n<\/table>\n<div class=\"sfsi_widget sfsi_shortcode_container\"><div id=\"sfsi_wDiv\"><\/div><div class=\"norm_row sfsi_wDiv \"  style=\"width:225px;text-align:left;\"><div style='width:40px; height:40px;margin-left:5px;margin-bottom:30px; ' class='sfsi_wicons shuffeldiv ' ><div class='inerCnt'><a class=' sficn' data-effect='scale' target='_blank'  href='https:\/\/www.facebook.com\/temassaludsyr\/' id='sfsiid_facebook' style='opacity:1'  ><img data-pin-nopin='true' alt='Facebook' title='Facebook' src='https:\/\/diassere.org.pe\/wp-content\/plugins\/ultimate-social-media-icons\/images\/icons_theme\/default\/default_facebook.png' width='40' height='40' style='' class='sfcm sfsi_wicon ' data-effect='scale'   \/><\/a><div class=\"sfsi_tool_tip_2 fb_tool_bdr sfsiTlleft\" style=\"width:62px ;opacity:0;z-index:-1;margin-left:-47.5px;\" id=\"sfsiid_facebook\"><span class=\"bot_arow bot_fb_arow\"><\/span><div class=\"sfsi_inside\"><div  class='icon1'><a href='https:\/\/www.facebook.com\/temassaludsyr\/' target='_blank'><img data-pin-nopin='true' class='sfsi_wicon' alt='Facebook' title='Facebook' src='https:\/\/diassere.org.pe\/wp-content\/plugins\/ultimate-social-media-icons\/images\/visit_icons\/facebook.png'  \/><\/a><\/div><div  class='icon2'><div class=\"fb-like\" data-href=\"https:\/\/diassere.org.pe\/wp-json\/wp\/v2\/pages\/757\" data-layout=\"button\" data-action=\"like\" data-show-faces=\"false\" data-share=\"true\"><\/div><\/div><div  class='icon3'><a target='_blank' href='https:\/\/www.facebook.com\/sharer\/sharer.php?u=https%3A%2F%2Fdiassere.org.pe%2Fwp-json%2Fwp%2Fv2%2Fpages%2F757' style='display:inline-block;'  > <img class='sfsi_wicon'  data-pin-nopin='true' width='auto' height='auto' alt='fb-share-icon' title='Facebook Share' src='https:\/\/diassere.org.pe\/wp-content\/plugins\/ultimate-social-media-icons\/images\/visit_icons\/fbshare_bck.png'  \/><\/a><\/div><\/div><\/div><\/div><\/div><\/div ><div id=\"sfsi_holder\" class=\"sfsi_holders\" style=\"position: relative; float: left;width:100%;z-index:-1;\"><\/div ><script>window.addEventListener(\"sfsi_functions_loaded\", function() \n\t\t\t{\n\t\t\t\tif (typeof sfsi_widget_set == \"function\") {\n\t\t\t\t\tsfsi_widget_set();\n\t\t\t\t}\n\t\t\t}); window.addEventListener(\"sfsi_functions_loaded\",function(){var s = jQuery(\".sfsi_widget\");\n\t\t\t\t\tvar pos = s.position();            \n\t\t\t\t\tjQuery(window).scroll(function(){      \n\t\t\t\t\tsfsi_stick_widget(\"0\");\n\t\t }); }); <\/script><div style=\"clear: both;\"><\/div><\/div>\n","protected":false},"excerpt":{"rendered":"<p>Ramos Padilla, Miguel En: Rodr\u00edguez Wong, Laura (Org.). Avances y retrocesos en la salud sexual y reproductiva en Am\u00e9rica Latina. R\u00edo de Janeiro: ALAP, UNFPA. P\u00e1ginas: 219-238. Ver pdf completo Resumen: Se hace una aproximaci\u00f3n descriptiva y exploratoria de los&#8230;<\/p>\n","protected":false},"author":1,"featured_media":845,"parent":0,"menu_order":0,"comment_status":"closed","ping_status":"closed","template":"","meta":{"om_disable_all_campaigns":false},"_links":{"self":[{"href":"https:\/\/diassere.org.pe\/index.php\/wp-json\/wp\/v2\/pages\/757"}],"collection":[{"href":"https:\/\/diassere.org.pe\/index.php\/wp-json\/wp\/v2\/pages"}],"about":[{"href":"https:\/\/diassere.org.pe\/index.php\/wp-json\/wp\/v2\/types\/page"}],"author":[{"embeddable":true,"href":"https:\/\/diassere.org.pe\/index.php\/wp-json\/wp\/v2\/users\/1"}],"replies":[{"embeddable":true,"href":"https:\/\/diassere.org.pe\/index.php\/wp-json\/wp\/v2\/comments?post=757"}],"version-history":[{"count":3,"href":"https:\/\/diassere.org.pe\/index.php\/wp-json\/wp\/v2\/pages\/757\/revisions"}],"predecessor-version":[{"id":881,"href":"https:\/\/diassere.org.pe\/index.php\/wp-json\/wp\/v2\/pages\/757\/revisions\/881"}],"wp:featuredmedia":[{"embeddable":true,"href":"https:\/\/diassere.org.pe\/index.php\/wp-json\/wp\/v2\/media\/845"}],"wp:attachment":[{"href":"https:\/\/diassere.org.pe\/index.php\/wp-json\/wp\/v2\/media?parent=757"}],"curies":[{"name":"wp","href":"https:\/\/api.w.org\/{rel}","templated":true}]}}