{"id":761,"date":"2007-01-01T21:07:22","date_gmt":"2007-01-01T21:07:22","guid":{"rendered":"http:\/\/dlozano.tk\/diassere\/?page_id=761"},"modified":"2019-10-22T03:08:26","modified_gmt":"2019-10-22T03:08:26","slug":"antagonismos-y-consensos-el-lenguaje-de-los-derechos-humanos-y-las-esterilizaciones-quirurgicas-en-el-peru","status":"publish","type":"page","link":"https:\/\/diassere.org.pe\/index.php\/antagonismos-y-consensos-el-lenguaje-de-los-derechos-humanos-y-las-esterilizaciones-quirurgicas-en-el-peru\/","title":{"rendered":"Antagonismos y consensos. El lenguaje de los derechos humanos y las esterilizaciones quir\u00fargicas en el Per\u00fa"},"content":{"rendered":"\n<table style=\"border: 0px;\" width=\"100%\">\n<tbody>\n<tr>\n<td style=\"border: 0px; text-align:left;\">\n<p><img loading=\"lazy\" class=\"wp-image-409 size-medium alignleft\" src=\"http:\/\/diassere.org.pe\/wp-content\/uploads\/2019\/07\/Antagonismos-y-Consensos.-el-lenguaje-de-los-derechos-humanos-y-las-esterilizacione-squir\u00fargicas-en-el-peru_28_3_07-01.png\" alt=\"\" width=\"300\" height=\"377\"><\/p>\n<p style=\"margin:2%\">Igui\u00f1iz-Romero, Ruth <br>En: Palomino, Nancy y Sala, Mariella (editoras). (2007). Claroscuros. Debates pendientes en sexualidad y reproducci\u00f3n. Lima: Universidad Peruana Cayetano Heredia. P\u00e1ginas: 181-191.<\/p>\n<p><a href=\"http:\/\/diassere.org.pe\/wp-content\/uploads\/2019\/06\/Antagonismos-y-Consensos.-el-lenguaje-de-los-derechos-humanos-y-las-esterilizacione-squir\u00fargicas-en-el-peru_28_3_07.pdf\" target=\"_blank\" rel=\"noopener noreferrer\"><img loading=\"lazy\" src=\"http:\/\/diassere.org.pe\/wp-content\/uploads\/2019\/06\/833px-PDF_file_icon.svg_.png\" alt=\"\" width=\"50\" height=\"100\"> <span style=\"vertical-align:bottom\"> Ver pdf completo<\/span><\/a><\/p>\n<h4 style=\"margin: 3%\">Resumen:<\/h4>\n<p style=\"margin:2%\">Esta investigaci\u00f3n presenta un an\u00e1lisis de los usos y caracter\u00edsticas del lenguaje de los derechos humanos usados en el debate pol\u00edtico sobre el programa entre las dos posiciones antag\u00f3nicas m\u00e1s visibles p\u00fablicamente en la d\u00e9cada: las organizaciones feministas y la Iglesia Cat\u00f3lica. Propone que bajo las circunstancias en las que se formul\u00f3 e implement\u00f3 el Programa Nacional de Planificaci\u00f3n Familiar, estos dos grupos tradicionalmente enfrentados se encontraron haciendo uso del mismo lenguaje \u2013de derechos humanos\u2013 y enfrent\u00e1ndose al mismo opositor: el Estado. De esta manera, el uso del lenguaje de derechos humanos por ambos actores permiti\u00f3, por un lado, que se uniformizara un discurso frente al Estado y por otro, que se evidencie que la diversidad de posiciones y argumentos que pueden ser acogidos bajo el paraguas de los derechos humanos nos obliga a reflexionar sobre la universalizaci\u00f3n del lenguaje de estos derechos.<\/p>\n<\/td>\n<\/tr>\n<\/tbody>\n<\/table>\n<div class=\"sfsi_widget sfsi_shortcode_container\"><div id=\"sfsi_wDiv\"><\/div><div class=\"norm_row sfsi_wDiv \"  style=\"width:225px;text-align:left;\"><div style='width:40px; height:40px;margin-left:5px;margin-bottom:30px; ' class='sfsi_wicons shuffeldiv ' ><div class='inerCnt'><a class=' sficn' data-effect='scale' target='_blank'  href='https:\/\/www.facebook.com\/temassaludsyr\/' id='sfsiid_facebook' style='opacity:1'  ><img data-pin-nopin='true' alt='Facebook' title='Facebook' src='https:\/\/diassere.org.pe\/wp-content\/plugins\/ultimate-social-media-icons\/images\/icons_theme\/default\/default_facebook.png' width='40' height='40' style='' class='sfcm sfsi_wicon ' data-effect='scale'   \/><\/a><div class=\"sfsi_tool_tip_2 fb_tool_bdr sfsiTlleft\" style=\"width:62px ;opacity:0;z-index:-1;margin-left:-47.5px;\" id=\"sfsiid_facebook\"><span class=\"bot_arow bot_fb_arow\"><\/span><div class=\"sfsi_inside\"><div  class='icon1'><a href='https:\/\/www.facebook.com\/temassaludsyr\/' target='_blank'><img data-pin-nopin='true' class='sfsi_wicon' alt='Facebook' title='Facebook' src='https:\/\/diassere.org.pe\/wp-content\/plugins\/ultimate-social-media-icons\/images\/visit_icons\/facebook.png'  \/><\/a><\/div><div  class='icon2'><div class=\"fb-like\" data-href=\"https:\/\/diassere.org.pe\/wp-json\/wp\/v2\/pages\/761\" data-layout=\"button\" data-action=\"like\" data-show-faces=\"false\" data-share=\"true\"><\/div><\/div><div  class='icon3'><a target='_blank' href='https:\/\/www.facebook.com\/sharer\/sharer.php?u=https%3A%2F%2Fdiassere.org.pe%2Fwp-json%2Fwp%2Fv2%2Fpages%2F761' style='display:inline-block;'  > <img class='sfsi_wicon'  data-pin-nopin='true' width='auto' height='auto' alt='fb-share-icon' title='Facebook Share' src='https:\/\/diassere.org.pe\/wp-content\/plugins\/ultimate-social-media-icons\/images\/visit_icons\/fbshare_bck.png'  \/><\/a><\/div><\/div><\/div><\/div><\/div><\/div ><div id=\"sfsi_holder\" class=\"sfsi_holders\" style=\"position: relative; float: left;width:100%;z-index:-1;\"><\/div ><script>window.addEventListener(\"sfsi_functions_loaded\", function() \n\t\t\t{\n\t\t\t\tif (typeof sfsi_widget_set == \"function\") {\n\t\t\t\t\tsfsi_widget_set();\n\t\t\t\t}\n\t\t\t}); window.addEventListener(\"sfsi_functions_loaded\",function(){var s = jQuery(\".sfsi_widget\");\n\t\t\t\t\tvar pos = s.position();            \n\t\t\t\t\tjQuery(window).scroll(function(){      \n\t\t\t\t\tsfsi_stick_widget(\"0\");\n\t\t }); }); <\/script><div style=\"clear: both;\"><\/div><\/div>\n","protected":false},"excerpt":{"rendered":"<p>Igui\u00f1iz-Romero, Ruth En: Palomino, Nancy y Sala, Mariella (editoras). (2007). Claroscuros. Debates pendientes en sexualidad y reproducci\u00f3n. Lima: Universidad Peruana Cayetano Heredia. P\u00e1ginas: 181-191. Ver pdf completo Resumen: Esta investigaci\u00f3n presenta un an\u00e1lisis de los usos y caracter\u00edsticas del lenguaje&#8230;<\/p>\n","protected":false},"author":1,"featured_media":746,"parent":0,"menu_order":0,"comment_status":"closed","ping_status":"closed","template":"","meta":{"om_disable_all_campaigns":false},"_links":{"self":[{"href":"https:\/\/diassere.org.pe\/index.php\/wp-json\/wp\/v2\/pages\/761"}],"collection":[{"href":"https:\/\/diassere.org.pe\/index.php\/wp-json\/wp\/v2\/pages"}],"about":[{"href":"https:\/\/diassere.org.pe\/index.php\/wp-json\/wp\/v2\/types\/page"}],"author":[{"embeddable":true,"href":"https:\/\/diassere.org.pe\/index.php\/wp-json\/wp\/v2\/users\/1"}],"replies":[{"embeddable":true,"href":"https:\/\/diassere.org.pe\/index.php\/wp-json\/wp\/v2\/comments?post=761"}],"version-history":[{"count":4,"href":"https:\/\/diassere.org.pe\/index.php\/wp-json\/wp\/v2\/pages\/761\/revisions"}],"predecessor-version":[{"id":859,"href":"https:\/\/diassere.org.pe\/index.php\/wp-json\/wp\/v2\/pages\/761\/revisions\/859"}],"wp:featuredmedia":[{"embeddable":true,"href":"https:\/\/diassere.org.pe\/index.php\/wp-json\/wp\/v2\/media\/746"}],"wp:attachment":[{"href":"https:\/\/diassere.org.pe\/index.php\/wp-json\/wp\/v2\/media?parent=761"}],"curies":[{"name":"wp","href":"https:\/\/api.w.org\/{rel}","templated":true}]}}