{"id":778,"date":"2001-06-01T21:44:03","date_gmt":"2001-06-01T21:44:03","guid":{"rendered":"http:\/\/dlozano.tk\/diassere\/?page_id=778"},"modified":"2019-10-22T03:59:48","modified_gmt":"2019-10-22T03:59:48","slug":"la-paternidad-y-el-mundo-de-los-afectos","status":"publish","type":"page","link":"https:\/\/diassere.org.pe\/index.php\/la-paternidad-y-el-mundo-de-los-afectos\/","title":{"rendered":"La paternidad y el mundo de los afectos"},"content":{"rendered":"\n<table style=\"border: 0px;\" width=\"100%\">\n<tbody>\n<tr>\n<td style=\"border: 0px; text-align:left;\">\n<p><img loading=\"lazy\" class=\"wp-image-409 size-medium alignleft\" src=\"\/wp-content\/uploads\/2019\/07\/La-paternidad-y-el-mundo-de-los-afectos.-Miguel-Ramos_2001-1.png\" alt=\"\" width=\"300\" height=\"377\"><\/p>\n<p style=\"margin:2%\">Ramos Padilla, Miguel <br>En: FEM. Publicaci\u00f3n Feminista Mensual. A\u00f1o 25 N\u00b0219. M\u00e9xico D.F. Junio.<\/p>\n<p><a href=\"\/wp-content\/uploads\/2019\/06\/La-paternidad-y-el-mundo-de-los-afectos.-Miguel-Ramos_2001.pdf\" target=\"_blank\" rel=\"noopener noreferrer\"><img loading=\"lazy\" src=\"\/wp-content\/uploads\/2019\/06\/833px-PDF_file_icon.svg_.png\" alt=\"\" width=\"50\" height=\"100\"> <span style=\"vertical-align:bottom\"> Ver pdf completo<\/span><\/a><\/p>\n<h4 style=\"margin: 3%\">Resumen:<\/h4>\n<p style=\"margin:2%\">Una buena parte de los integrantes de diversas generaciones en Am\u00e9rica Latina creci\u00f3 con una imagen de padre ausente y distante aunque estuviera f\u00edsicamente presente y cercano. Un padre que evitaba ser expresivo en sus afectos con relaci\u00f3n a sus hijos, hijas y pareja, pensando que de esta manera transmit\u00eda la seguridad y autoridad que su familia necesitaba. Cuando ni\u00f1os, el ser varones nos daba, en algunas ocasiones, el privilegio de su permisiva compa\u00f1\u00eda en actividades l\u00fadicas consideradas netamente masculinas -como es el caso de ir al estadio, jugar a la pelota, o emprender un paseo de aventuras- y de esa manera intuimos los c\u00f3digos del afecto de nuestro padre, a la vez que aprendimos que la expresi\u00f3n de los afectos mediante la ternura y las caricias era netamente femenina. Esto mismo, con seguridad, no funcionaba cuando se trataba de nuestras hermanas, quienes educadas para las expresiones afectuosas, sintieron, junto a nuestras madres, un doloroso vac\u00edo.<\/p>\n<\/td>\n<\/tr>\n<\/tbody>\n<\/table>\n<div class=\"sfsi_widget sfsi_shortcode_container\"><div id=\"sfsi_wDiv\"><\/div><div class=\"norm_row sfsi_wDiv \"  style=\"width:225px;text-align:left;\"><div style='width:40px; height:40px;margin-left:5px;margin-bottom:30px; ' class='sfsi_wicons shuffeldiv ' ><div class='inerCnt'><a class=' sficn' data-effect='scale' target='_blank'  href='https:\/\/www.facebook.com\/temassaludsyr\/' id='sfsiid_facebook' style='opacity:1'  ><img data-pin-nopin='true' alt='Facebook' title='Facebook' src='https:\/\/diassere.org.pe\/wp-content\/plugins\/ultimate-social-media-icons\/images\/icons_theme\/default\/default_facebook.png' width='40' height='40' style='' class='sfcm sfsi_wicon ' data-effect='scale'   \/><\/a><div class=\"sfsi_tool_tip_2 fb_tool_bdr sfsiTlleft\" style=\"width:62px ;opacity:0;z-index:-1;margin-left:-47.5px;\" id=\"sfsiid_facebook\"><span class=\"bot_arow bot_fb_arow\"><\/span><div class=\"sfsi_inside\"><div  class='icon1'><a href='https:\/\/www.facebook.com\/temassaludsyr\/' target='_blank'><img data-pin-nopin='true' class='sfsi_wicon' alt='Facebook' title='Facebook' src='https:\/\/diassere.org.pe\/wp-content\/plugins\/ultimate-social-media-icons\/images\/visit_icons\/facebook.png'  \/><\/a><\/div><div  class='icon2'><div class=\"fb-like\" data-href=\"https:\/\/diassere.org.pe\/wp-json\/wp\/v2\/pages\/778\" data-layout=\"button\" data-action=\"like\" data-show-faces=\"false\" data-share=\"true\"><\/div><\/div><div  class='icon3'><a target='_blank' href='https:\/\/www.facebook.com\/sharer\/sharer.php?u=https%3A%2F%2Fdiassere.org.pe%2Fwp-json%2Fwp%2Fv2%2Fpages%2F778' style='display:inline-block;'  > <img class='sfsi_wicon'  data-pin-nopin='true' width='auto' height='auto' alt='fb-share-icon' title='Facebook Share' src='https:\/\/diassere.org.pe\/wp-content\/plugins\/ultimate-social-media-icons\/images\/visit_icons\/fbshare_bck.png'  \/><\/a><\/div><\/div><\/div><\/div><\/div><\/div ><div id=\"sfsi_holder\" class=\"sfsi_holders\" style=\"position: relative; float: left;width:100%;z-index:-1;\"><\/div ><script>window.addEventListener(\"sfsi_functions_loaded\", function() \n\t\t\t{\n\t\t\t\tif (typeof sfsi_widget_set == \"function\") {\n\t\t\t\t\tsfsi_widget_set();\n\t\t\t\t}\n\t\t\t}); window.addEventListener(\"sfsi_functions_loaded\",function(){var s = jQuery(\".sfsi_widget\");\n\t\t\t\t\tvar pos = s.position();            \n\t\t\t\t\tjQuery(window).scroll(function(){      \n\t\t\t\t\tsfsi_stick_widget(\"0\");\n\t\t }); }); <\/script><div style=\"clear: both;\"><\/div><\/div>\n","protected":false},"excerpt":{"rendered":"<p>Ramos Padilla, Miguel En: FEM. Publicaci\u00f3n Feminista Mensual. A\u00f1o 25 N\u00b0219. M\u00e9xico D.F. Junio. Ver pdf completo Resumen: Una buena parte de los integrantes de diversas generaciones en Am\u00e9rica Latina creci\u00f3 con una imagen de padre ausente y distante aunque&#8230;<\/p>\n","protected":false},"author":1,"featured_media":750,"parent":0,"menu_order":0,"comment_status":"closed","ping_status":"closed","template":"","meta":{"om_disable_all_campaigns":false},"_links":{"self":[{"href":"https:\/\/diassere.org.pe\/index.php\/wp-json\/wp\/v2\/pages\/778"}],"collection":[{"href":"https:\/\/diassere.org.pe\/index.php\/wp-json\/wp\/v2\/pages"}],"about":[{"href":"https:\/\/diassere.org.pe\/index.php\/wp-json\/wp\/v2\/types\/page"}],"author":[{"embeddable":true,"href":"https:\/\/diassere.org.pe\/index.php\/wp-json\/wp\/v2\/users\/1"}],"replies":[{"embeddable":true,"href":"https:\/\/diassere.org.pe\/index.php\/wp-json\/wp\/v2\/comments?post=778"}],"version-history":[{"count":2,"href":"https:\/\/diassere.org.pe\/index.php\/wp-json\/wp\/v2\/pages\/778\/revisions"}],"predecessor-version":[{"id":882,"href":"https:\/\/diassere.org.pe\/index.php\/wp-json\/wp\/v2\/pages\/778\/revisions\/882"}],"wp:featuredmedia":[{"embeddable":true,"href":"https:\/\/diassere.org.pe\/index.php\/wp-json\/wp\/v2\/media\/750"}],"wp:attachment":[{"href":"https:\/\/diassere.org.pe\/index.php\/wp-json\/wp\/v2\/media?parent=778"}],"curies":[{"name":"wp","href":"https:\/\/api.w.org\/{rel}","templated":true}]}}

<table style="border: 0px;" width="100%">
<tbody>
<tr>
<td style="border: 0px; text-align:left;">
<p><img loading="lazy" class="wp-image-409 size-medium alignleft" src="/wp-content/uploads/2019/07/La-paternidad-y-el-mundo-de-los-afectos.-Miguel-Ramos_2001-1.png" alt="" width="300" height="377"></p>
<p style="margin:2%">Ramos Padilla, Miguel <br>En: FEM. Publicación Feminista Mensual. Año 25 N°219. México D.F. Junio.</p>
<p><a href="/wp-content/uploads/2019/06/La-paternidad-y-el-mundo-de-los-afectos.-Miguel-Ramos_2001.pdf" target="_blank" rel="noopener noreferrer"><img loading="lazy" src="/wp-content/uploads/2019/06/833px-PDF_file_icon.svg_.png" alt="" width="50" height="100"> <span style="vertical-align:bottom"> Ver pdf completo</span></a></p>
<h4 style="margin: 3%">Resumen:</h4>
<p style="margin:2%">Una buena parte de los integrantes de diversas generaciones en América Latina creció con una imagen de padre ausente y distante aunque estuviera físicamente presente y cercano. Un padre que evitaba ser expresivo en sus afectos con relación a sus hijos, hijas y pareja, pensando que de esta manera transmitía la seguridad y autoridad que su familia necesitaba. Cuando niños, el ser varones nos daba, en algunas ocasiones, el privilegio de su permisiva compañía en actividades lúdicas consideradas netamente masculinas -como es el caso de ir al estadio, jugar a la pelota, o emprender un paseo de aventuras- y de esa manera intuimos los códigos del afecto de nuestro padre, a la vez que aprendimos que la expresión de los afectos mediante la ternura y las caricias era netamente femenina. Esto mismo, con seguridad, no funcionaba cuando se trataba de nuestras hermanas, quienes educadas para las expresiones afectuosas, sintieron, junto a nuestras madres, un doloroso vacío.</p>
</td>
</tr>
</tbody>
</table>
<div class="sfsi_widget sfsi_shortcode_container"><div id="sfsi_wDiv"></div><div class="norm_row sfsi_wDiv "  style="width:225px;text-align:left;"><div style='width:40px; height:40px;margin-left:5px;margin-bottom:30px; ' class='sfsi_wicons shuffeldiv ' ><div class='inerCnt'><a class=' sficn' data-effect='scale' target='_blank'  href='https://www.facebook.com/temassaludsyr/' id='sfsiid_facebook' style='opacity:1'  ><img data-pin-nopin='true' alt='Facebook' title='Facebook' src='https://diassere.org.pe/wp-content/plugins/ultimate-social-media-icons/images/icons_theme/default/default_facebook.png' width='40' height='40' style='' class='sfcm sfsi_wicon ' data-effect='scale'   /></a><div class="sfsi_tool_tip_2 fb_tool_bdr sfsiTlleft" style="width:62px ;opacity:0;z-index:-1;margin-left:-47.5px;" id="sfsiid_facebook"><span class="bot_arow bot_fb_arow"></span><div class="sfsi_inside"><div  class='icon1'><a href='https://www.facebook.com/temassaludsyr/' target='_blank'><img data-pin-nopin='true' class='sfsi_wicon' alt='Facebook' title='Facebook' src='https://diassere.org.pe/wp-content/plugins/ultimate-social-media-icons/images/visit_icons/facebook.png'  /></a></div><div  class='icon2'><div class="fb-like" data-href="https://diassere.org.pe/wp-json/wp/v2/pages/778" data-layout="button" data-action="like" data-show-faces="false" data-share="true"></div></div><div  class='icon3'><a target='_blank' href='https://www.facebook.com/sharer/sharer.php?u=https%3A%2F%2Fdiassere.org.pe%2Fwp-json%2Fwp%2Fv2%2Fpages%2F778' style='display:inline-block;'  > <img class='sfsi_wicon'  data-pin-nopin='true' width='auto' height='auto' alt='fb-share-icon' title='Facebook Share' src='https://diassere.org.pe/wp-content/plugins/ultimate-social-media-icons/images/visit_icons/fbshare_bck.png'  /></a></div></div></div></div></div></div ><div id="sfsi_holder" class="sfsi_holders" style="position: relative; float: left;width:100%;z-index:-1;"></div ><script>window.addEventListener("sfsi_functions_loaded", function() 
			{
				if (typeof sfsi_widget_set == "function") {
					sfsi_widget_set();
				}
			}); window.addEventListener("sfsi_functions_loaded",function(){var s = jQuery(".sfsi_widget");
					var pos = s.position();            
					jQuery(window).scroll(function(){      
					sfsi_stick_widget("0");
		 }); }); </script><div style="clear: both;"></div></div>

<p>Ramos Padilla, Miguel En: FEM. Publicación Feminista Mensual. Año 25 N°219. México D.F. Junio. Ver pdf completo Resumen: Una buena parte de los integrantes de diversas generaciones en América Latina creció con una imagen de padre ausente y distante aunque&#8230;</p>
