{"id":836,"date":"2000-09-09T05:27:16","date_gmt":"2000-09-09T05:27:16","guid":{"rendered":"http:\/\/dlozano.tk\/diassere\/?page_id=836"},"modified":"2019-10-22T03:55:34","modified_gmt":"2019-10-22T03:55:34","slug":"la-investigacion-en-salud-para-el-desarrollo-y-el-enfoque-de-genero-en-el-peru-tendencias-en-la-decada-de-los-90","status":"publish","type":"page","link":"https:\/\/diassere.org.pe\/index.php\/la-investigacion-en-salud-para-el-desarrollo-y-el-enfoque-de-genero-en-el-peru-tendencias-en-la-decada-de-los-90\/","title":{"rendered":"La investigaci\u00f3n en salud para el desarrollo y el enfoque de g\u00e9nero en el Per\u00fa: tendencias en la d\u00e9cada de los 90"},"content":{"rendered":"\n<table style=\"border: 0px;\" width=\"100%\">\n<tbody>\n<tr>\n<td style=\"border: 0px; text-align:left;\">\n<p><img loading=\"lazy\" class=\"wp-image-409 size-medium alignleft\" src=\"\n\n\n\n\/wp-content\/uploads\/2019\/09\/investigacion-en-salud-para-el-desarrollo-de-y-el-enfoque-de-genero-en-el-Per\u00fa-sub.png\n\n\n\n\" alt=\"\" width=\"300\" height=\"377\"><\/p>\n<p style=\"margin:2%\">\n\n\n\n<!--Informaci\u00f3n del Libro -->\nCh\u00e1vez, Susana; G\u00fcezmes, Ana; Palomino, Nancy; Vargas, Lita y Yon, Carmen. Lima: Manuela Ramos, C MP Flora Trist\u00e1n, UPCH, RSMLAC, 2000.\n\n\n\n<\/p>\n<p><a href=\"\n\n\n\n\/wp-content\/uploads\/2019\/09\/investigacion-en-salud-para-el-desarrollo-de-y-el-enfoque-de-genero-en-el-Per\u00fa.pdf\n\n\n\n\" target=\"_blank\" rel=\"noopener noreferrer\"><img loading=\"lazy\" src=\"\/wp-content\/uploads\/2019\/06\/833px-PDF_file_icon.svg_.png\" alt=\"\" width=\"50\" height=\"100\"> <span style=\"vertical-align:bottom\"> Ver pdf completo<\/span><\/a><\/p>\n<h4 style=\"margin: 3%\">Resumen:<\/h4>\n<p style=\"margin:2%\">\n\n\n\n<!--Resumen-->\nEste documento es resultado del proceso preparatorio de la Conferencia Internacional sobre Investigaci\u00f3n en Salud para el Desarrollo que se realiz\u00f3 en Bangkok en octubre del a\u00f1o 2000. La conferencia tuvo como objetivo principal realizar un balance de la investigaci\u00f3n en salud para el desarrollo producida durante los \u00faltimos diez a\u00f1os, con el fin de elaborar un plan de acci\u00f3n para la primera d\u00e9cada del nuevo milenio. Este balance est\u00e1 mediado por la discusi\u00f3n sobre la contribuci\u00f3n de la investigaci\u00f3n para el logro de la equidad y la reducci\u00f3n de las injusticias de g\u00e9nero en el \u00e1mbito de la salud.\n\n\n\n<\/p>\n<\/td>\n<\/tr>\n<\/tbody>\n<\/table>\n<div class=\"sfsi_widget sfsi_shortcode_container\"><div id=\"sfsi_wDiv\"><\/div><div class=\"norm_row sfsi_wDiv \"  style=\"width:225px;text-align:left;\"><div style='width:40px; height:40px;margin-left:5px;margin-bottom:30px; ' class='sfsi_wicons shuffeldiv ' ><div class='inerCnt'><a class=' sficn' data-effect='scale' target='_blank'  href='https:\/\/www.facebook.com\/temassaludsyr\/' id='sfsiid_facebook' style='opacity:1'  ><img data-pin-nopin='true' alt='Facebook' title='Facebook' src='https:\/\/diassere.org.pe\/wp-content\/plugins\/ultimate-social-media-icons\/images\/icons_theme\/default\/default_facebook.png' width='40' height='40' style='' class='sfcm sfsi_wicon ' data-effect='scale'   \/><\/a><div class=\"sfsi_tool_tip_2 fb_tool_bdr sfsiTlleft\" style=\"width:62px ;opacity:0;z-index:-1;margin-left:-47.5px;\" id=\"sfsiid_facebook\"><span class=\"bot_arow bot_fb_arow\"><\/span><div class=\"sfsi_inside\"><div  class='icon1'><a href='https:\/\/www.facebook.com\/temassaludsyr\/' target='_blank'><img data-pin-nopin='true' class='sfsi_wicon' alt='Facebook' title='Facebook' src='https:\/\/diassere.org.pe\/wp-content\/plugins\/ultimate-social-media-icons\/images\/visit_icons\/facebook.png'  \/><\/a><\/div><div  class='icon2'><div class=\"fb-like\" data-href=\"https:\/\/diassere.org.pe\/wp-json\/wp\/v2\/pages\/836\" data-layout=\"button\" data-action=\"like\" data-show-faces=\"false\" data-share=\"true\"><\/div><\/div><div  class='icon3'><a target='_blank' href='https:\/\/www.facebook.com\/sharer\/sharer.php?u=https%3A%2F%2Fdiassere.org.pe%2Fwp-json%2Fwp%2Fv2%2Fpages%2F836' style='display:inline-block;'  > <img class='sfsi_wicon'  data-pin-nopin='true' width='auto' height='auto' alt='fb-share-icon' title='Facebook Share' src='https:\/\/diassere.org.pe\/wp-content\/plugins\/ultimate-social-media-icons\/images\/visit_icons\/fbshare_bck.png'  \/><\/a><\/div><\/div><\/div><\/div><\/div><\/div ><div id=\"sfsi_holder\" class=\"sfsi_holders\" style=\"position: relative; float: left;width:100%;z-index:-1;\"><\/div ><script>window.addEventListener(\"sfsi_functions_loaded\", function() \n\t\t\t{\n\t\t\t\tif (typeof sfsi_widget_set == \"function\") {\n\t\t\t\t\tsfsi_widget_set();\n\t\t\t\t}\n\t\t\t}); window.addEventListener(\"sfsi_functions_loaded\",function(){var s = jQuery(\".sfsi_widget\");\n\t\t\t\t\tvar pos = s.position();            \n\t\t\t\t\tjQuery(window).scroll(function(){      \n\t\t\t\t\tsfsi_stick_widget(\"0\");\n\t\t }); }); <\/script><div style=\"clear: both;\"><\/div><\/div>\n","protected":false},"excerpt":{"rendered":"<p>Ch\u00e1vez, Susana; G\u00fcezmes, Ana; Palomino, Nancy; Vargas, Lita y Yon, Carmen. Lima: Manuela Ramos, C MP Flora Trist\u00e1n, UPCH, RSMLAC, 2000. Ver pdf completo Resumen: Este documento es resultado del proceso preparatorio de la Conferencia Internacional sobre Investigaci\u00f3n en Salud&#8230;<\/p>\n","protected":false},"author":1,"featured_media":825,"parent":0,"menu_order":0,"comment_status":"closed","ping_status":"closed","template":"","meta":{"om_disable_all_campaigns":false},"_links":{"self":[{"href":"https:\/\/diassere.org.pe\/index.php\/wp-json\/wp\/v2\/pages\/836"}],"collection":[{"href":"https:\/\/diassere.org.pe\/index.php\/wp-json\/wp\/v2\/pages"}],"about":[{"href":"https:\/\/diassere.org.pe\/index.php\/wp-json\/wp\/v2\/types\/page"}],"author":[{"embeddable":true,"href":"https:\/\/diassere.org.pe\/index.php\/wp-json\/wp\/v2\/users\/1"}],"replies":[{"embeddable":true,"href":"https:\/\/diassere.org.pe\/index.php\/wp-json\/wp\/v2\/comments?post=836"}],"version-history":[{"count":2,"href":"https:\/\/diassere.org.pe\/index.php\/wp-json\/wp\/v2\/pages\/836\/revisions"}],"predecessor-version":[{"id":879,"href":"https:\/\/diassere.org.pe\/index.php\/wp-json\/wp\/v2\/pages\/836\/revisions\/879"}],"wp:featuredmedia":[{"embeddable":true,"href":"https:\/\/diassere.org.pe\/index.php\/wp-json\/wp\/v2\/media\/825"}],"wp:attachment":[{"href":"https:\/\/diassere.org.pe\/index.php\/wp-json\/wp\/v2\/media?parent=836"}],"curies":[{"name":"wp","href":"https:\/\/api.w.org\/{rel}","templated":true}]}}